se 11
-27
-3 (base 14) to base 7
-3
-369 (base 10) to base 7
-1035
What is 3 (base 6) in base 12?
3
Convert -5 (base 12) to base 4.
-11
What is -7 (base 12) in base 2?
-111
Convert 1 (base 10) to base 12.
1
Convert b (base 15) to base 9.
12
Convert -2 (base 9) to base 10.
-2
0 (base 3) to base 12
0
Convert -244 (base 5) to base 13.
-59
27 (base 9) to base 5
100
What is -2031 (base 4) in base 15?
-96
-264 (base 7) to base 2
-10010000
-3 (base 14) to base 3
-10
Convert 0 (base 12) to base 9.
0
What is 20 (base 14) in base 6?
44
Convert 1111 (base 3) to base 12.
34
What is 3 (base 16) in base 13?
3
Convert 1210 (base 3) to base 9.
53
Convert -2 (base 3) to base 7.
-2
What is -14 (base 9) in base 10?
-13
What is 8 (base 11) in base 3?
22
What is 14 (base 16) in base 14?
16
-1000 (base 3) to base 5
-102
What is -203 (base 4) in base 8?
-43
Convert -74 (base 13) to base 10.
-95
What is 11122 (base 3) in base 11?
104
0 (base 14) to base 4
0
Convert 2 (base 3) to base 5.
2
Convert -4 (base 12) to base 14.
-4
Convert -11 (base 2) to base 7.
-3
Convert 0 (base 6) to base 8.
0
-4 (base 9) to base 7
-4
Convert 30 (base 5) to base 13.
12
Convert 127 (base 8) to base 11.
7a
Convert 12 (base 6) to base 9.
8
Convert -4 (base 8) to base 3.
-11
Convert 17 (base 16) to base 13.
1a
What is -11 (base 15) in base 2?
-10000
2 (base 14) to base 13
2
What is 0 (base 11) in base 12?
0
What is 0 (base 2) in base 6?
0
Convert 3 (base 6) to base 9.
3
What is -3 (base 9) in base 8?
-3
Convert 34 (base 11) to base 16.
25
Convert 3a (base 14) to base 15.
37
-13 (base 6) to base 15
-9
-43 (base 11) to base 3
-1202
-101 (base 2) to base 15
-5
Convert -1 (base 12) to base 13.
-1
What is -21 (base 16) in base 3?
-1020
0 (base 2) to base 16
0
What is -5 (base 6) in base 3?
-12
Convert 3 (base 11) to base 6.
3
What is -1 (base 16) in base 3?
-1
What is 5 (base 7) in base 16?
5
Convert 0 (base 4) to base 7.
0
-1011 (base 3) to base 2
-11111
216 (base 10) to base 4
3120
Convert 119 (base 10) to base 7.
230
Convert 8 (base 14) to base 12.
8
0 (base 13) to base 9
0
Convert 2 (base 7) to base 4.
2
Convert 4 (base 15) to base 11.
4
-4 (base 16) to base 14
-4
Convert -2 (base 12) to base 9.
-2
Convert -1c (base 16) to base 13.
-22
What is 1b (base 13) in base 16?
18
-79 (base 14) to base 2
-1101011
What is -32 (base 13) in base 6?
-105
3 (base 7) to base 6
3
0 (base 16) to base 12
0
Convert -11211 (base 3) to base 10.
-130
204 (base 8) to base 16
84
Convert 3 (base 6) to base 12.
3
4 (base 7) to base 4
10
1 (base 7) to base 16
1
1144 (base 6) to base 9
341
-19 (base 14) to base 13
-1a
Convert -2 (base 4) to base 15.
-2
-22 (base 7) to base 2
-10000
What is -9 (base 12) in base 14?
-9
-101 (base 2) to base 9
-5
Convert -18 (base 11) to base 4.
-103
What is 0 (base 6) in base 14?
0
What is -7a (base 14) in base 11?
-99
Convert -23 (base 15) to base 11.
-30
133 (base 4) to base 3
1011
Convert -313 (base 5) to base 9.
-102
Convert -8 (base 13) to base 16.
-8
65 (base 12) to base 8
115
-11 (base 8) to base 3
-100
What is -11 (base 15) in base 13?
-13
1 (base 9) to base 6
1
What is 0 (base 7) in base 11?
0
What is -651 (base 7) in base 2?
-101001010
Convert -22 (base 8) to base 7.
-24
What is 0 (base 2) in base 9?
0
Convert -164 (base 10) to base 7.
-323
-121 (base 3) to base 5
-31
-2 (base 8) to base 15
-2
23 (base 9) to base 3
210
What is 101 (base 3) in base 5?
20
What is -5 (base 16) in base 8?
-5
What is 100 (base 4) in base 2?
10000
What is 49 (base 15) in base 13?
54
0 (base 9) to base 12
0
1110 (base 2) to base 12
12
What is 13 (base 10) in base 13?
10
Convert -35 (base 7) to base 12.
-22
-36 (base 8) to base 4
-132
9 (base 14) to base 16
9
1 (base 16) to base 11
1
What is 0 (base 13) in base 12?
0
-b (base 15) to base 12
-b
Convert -5 (base 11) to base 9.
-5
-4 (base 6) to base 4
-10
Convert -1 (base 11) to base 13.
-1
11 (base 16) to base 12
15
What is 1 (base 8) in base 2?
1
23 (base 4) to base 9
12
What is 3 (base 15) in base 12?
3
What is -100010010 (base 2) in base 12?
-1aa
What is -10 (base 4) in base 11?
-4
Convert -41 (base 6) to base 14.
-1b
Convert 2 (base 3) to base 14.
2
What is 34 (base 7) in base 12?
21
5 (base 12) to base 15
5
What is 53 (base 15) in base 16?
4e
What is -231 (base 5) in base 7?
-123
Convert 85 (base 10) to base 15.
5a
What is 7 (base 15) in base 3?
21
What is 4 (base 5) in base 4?
10
What is -1 (base 4) in base 10?
-1
What is -4 (base 12) in base 4?
-10
What is 3 (base 6) in base 9?
3
Convert -b (base 13) to base 3.
-102
Convert 1 (base 4) to base 12.
1
Convert 1 (base 6) to base 4.
1
What is -1 (base 8) in base 11?
-1
22 (base 11) to base 14
1a
Convert 8c (base 13) to base 8.
164
3 (base 8) to base 15
3
What is -20 (base 15) in base 9?
-33
What is 32 (base 4) in base 3?
112
Convert 15 (base 16) to base 9.
23
What is 1 (base 6) in base 10?
1
What is -10 (base 2) in base 5?
-2
244 (base 5) to base 7
134
-2 (base 8) to base 7
-2
Convert 46 (base 10) to base 14.
34
Convert 1 (base 14) to base 13.
1
27 (base 9) to base 14
1b
Convert -21 (base 3) to base 15.
-7
What is -6 (base 15) in base 5?
-11
28 (base 9) to base 2
11010
166 (base 8) to base 14
86
What is 2 (base 3) in base 2?
10
Convert -12 (base 3) to base 2.
-101
144 (base 10) to base 12
100
What is a (base 15) in base 11?
a
-107 (base 8) to base 5
-241
Convert 1 (base 15) to base 14.
1
Convert 8 (base 11) to base 16.
8
3 (base 8) to base 4
3
What is -1 (base 6) in base 10?
-1
Convert 10 (base 4) to base 2.
100
50 (base 10) to base 11
46
Convert 50 (base 6) to base 4.
132
-3 (base 4) to base 10
-3
Convert -12 (base 6) to base 3.
-22
-5 (base 15) to base 16
-5
Convert -24 (base 7) to base 9.
-20
What is 1001 (base 4) in base 8?
101
Convert -2 (base 11) to base 10.
-2
Convert 100101 (base 2) to base 8.
45
203 (base 11) to base 4
3311
1 (base 5) to base 6
1
What is -1 (base 14) in base 3?
-1
-290 (base 10) to base 15
-145
Convert -22 (base 6) to base 15.
-e
Convert -5 (base 15) to base 4.
-11
Convert -121010 (base 3) to base 2.
-110110011
Convert 0 (base 8) to base 3.
0
Convert 1121 (base 4) to base 9.
108
-e (base 15) to base 9
-15
-2 (base 8) to base 12
-2
What is 1325 (base 6) in base 2?
101010101
What is -3 (base 5) in base 8?
-3
What is -11102 (base 3) in base 15?
-7e
0 (base 16) to base 14
0
Convert -263 (base 12) to base 10.
-363
7 (base 10) to base 11
7
What is -a (base 15) in base 4?
-22
-11000 (base 2) to base 10
-24
1 (base 14) to base 6
1
10 (base 9) to base 11
9
Convert -8 (base 9) to base 14.
-8
-2 (base 4) to base 13
-2
16 (base 7) to base 14
d
What is 6 (base 12) in base 6?
10
Convert 3 (base 8) to base 3.
10
What is 7a (base 13) in base 14?
73
Convert -5 (base 13) to base 9.
-5
What is 171 (base 13) in base 10?
261
Convert -123 (base 6) to base 5.
-201
Convert 0 (base 16) to base 9.
0
What is -10a (base 13) in base 12?
-12b
-3a (base 12) to base 10
-46
What is 110 (base 2) in base 15?
6
-10 (base 9) to base 6
-13
What is 112 (base 3) in base 5?
24
-1 (base 7) to base 6
-1
Convert 18 (base 13) to base 11.
1a
What is 12 (base 7) in base 12?
9
Convert -11 (base 3) to base 16.
-4
2 (base 11) to base 16
2
Convert a (base 16) to base 13.
a
What is 72 (base 12) in base 5?
321
Convert -4 (base 16) to base 3.
-11
What is 2 (base 5) in base 2?
10
What is -1200 (base 3) in base 12?
-39
What is 2 (base 7) in base 3?
2
150 (base 7) to base 11
77
What is -102 (base 4) in base 3?
-200
What is 12 (base 5) in base 14?
7
What is -7 (base 13) in base 2?
-111
35 (base 13) to base 3
1122
12 (base 5) to base 14
7
Convert 6 (base 8) to base 2.
110
Convert 1 (base 6) to base 12.
1
-160 (base 15) to base 4
-10323
Convert 412 (base 5) to base 7.
212
What is -8 (base 10) in base 7?
-11
What is 28 (base 16) in base 14?
2c
What is 43 (base 9) in base 10?
39
Convert 103 (base 4) to base 11.
18
-1 (base 4) to base 10
-1
What is -211 (base 8) in base 13?
-a7
What is 124 (base 8) in base 11?
77
What is 11 (base 5) in base 2?
110
What is -51 (base 9) in base 16?
-2e
What is 3 (base 10) in base 8?
3
3 (base 15) to base 2
11
What is -17 (base 13) in base 9?
-22
Convert -72 (base 9) to base 7.
-122
-101 (base 4) to base 2
-10001
0 (base 3) to base 15
0
What is 10111010 (base 2) in base 13?
114
Convert -364 (base 10) to 